y x(k)?
14
Let q(r) = -5*r - 8. Let y = -17 - -10. What is the remainder when 132 is divided by q(y)?
24
Calculate the remainder when 84 is divided by (-122)/305*20/(-1).
4
Suppose -4*y - 4*c + 264 = 0, 2*c - c - 1 = 0. What is the remainder when y is divided by (-44)/(-3)*(14 - (-325)/(-26))?
21
Suppose -2*o = -6, 2*o + 18 = -3*h + 81. Suppose u = 5*a - h, 0*a - 5*u = -a - 1. Calculate the remainder when 11 is divided by a.
3
Suppose n - 34 - 15 = 0. Suppose n = 4*k + 1. Suppose 8*h - 7*h = z - 7, 0 = 5*h. What is the remainder when k is divided by z?
5
What is the remainder when 4/3*18/12*63 is divided by 1/2 + (-85)/(-2)?
40
Suppose -4*n + 81 - 16 = 3*t, -4*t - 30 = -3*n. Suppose 2*p - 2*a + a = -6, -p - 13 = -3*a. Calculate the remainder when n is divided by (1 - p - 3)*-6.
2
Let x(k) = -k**3 - 15*k**2 + 13*k + 15. Let n be -6*2/6*-2. Suppose -n*u - 5*g = -3*g + 74, -2*u + g = 27. What is the remainder when x(u) is divided by 11?
8
Suppose 5*d + 2*q - 3026 + 667 = 0, 0 = d - 5*q - 461. Calculate the remainder when d is divided by 43.
41
Let r(y) = 59*y + 3. Let k be r(1). Let l = k - -116. What is the remainder when l is divided by 18?
16
Suppose -31 + 22 = -z. Let x(n) = n + 28. What is the remainder when x(-12) is divided by z?
7
Let r(q) = -9*q + 29. Let y be r(14). Calculate the remainder when 2/4*(-13 - y) is divided by 23.
19
Let f(o) = -o**3 - 5*o**2 - 3*o + 3. Let v be f(-5). Suppose -9*y + v = -45. Calculate the remainder when 12 is divided by y.
5
Calculate the remainder when 187 is divided by (-3*(-5)/(-45))/(15/(-2250)).
37
Let r = 2900 - 2876. Suppose -20 + 6 = -f. Calculate the remainder when r is divided by f.
10
Let w = -425 - -443. What is the remainder when 179 is divided by w?
17
Let v be (-1)/2*208/(-4). Suppose 28*a = v*a + 108. Calculate the remainder when a is divided by 15.
9
Let g(u) = u**3 - 3*u**2 - 11*u + 5. Let m be g(5). Suppose 3*j + 4 - 31 = m. Calculate the remainder when j is divided by 1.
0
Let m(q) = q**2 - 90*q + 735. What is the remainder when 197 is divided by m(8)?
39
Suppose 2*j + 460 = 2*o, 138*j - 136*j - 6 = 0. Calculate the remainder when o is divided by 33.
2
Let y(f) = f**3 + 5*f**2 - 4*f - 4. Let m be (2 - (-24)/(-15))*-10. What is the remainder when (3 + 14/m)*-58 is divided by y(-5)?
13
Suppose 2*a = -3*n - 325, -3*a - 349 = -a - 5*n. What is the remainder when 95 is divided by a/(-5) - 38/95?
29
Suppose 5*u - 4*o = 1 - 2, -3*o + 12 = 0. Suppose -3*g - u*r = 2*r + 14, 0 = 4*g + 3*r + 15. Calculate the remainder when 14 is divided by 1/3*(g - -18).
4
Suppose 0 = 4*c - 124 - 36. Suppose t + 34 = 4*d + 12, -16 = -2*d - 2*t. Calculate the remainder when c is divided by d.
4
Suppose -41 = -y + 37. Suppose 12 + y = -5*p. Calculate the remainder when (-380)/(-9) - (-4)/p is divided by 11.
9
Let x = -166 - -355. What is the remainder when x is divided by 38?
37
Suppose -3*v - 4 = -19. Let l(g) = -g**2 + 7*g - 4. Let s(i) = i**3 - 7*i**2 + 10*i - 21. Let y be s(6). Calculate the remainder when l(y) is divided by v.
3
Let x(o) = o**2 + o + 3. Let r be (14/(-21))/(2/(-12)). Suppose 306 = r*j + 34. Calculate the remainder when j is divided by x(4).
22
Let v(a) = -a**3 - 5*a**2 + 30*a + 3. Suppose 0 = 4*b - 2*b - 6. What is the remainder when v(-9) is divided by 0 - -1 - (-57)/b?
17
Let y(k) = k**3 - 42*k**2 + 47*k - 144. Calculate the remainder when y(41) is divided by 9.
3
Suppose 4*n = -3*d + 27 - 6, -4*d - 3*n = -35. Let g(s) = 8*s + 34. Let r be g(-13). Calculate the remainder when d is divided by 168/r*5/(-2).
5
Suppose -9*x = -6*x - 33. Suppose 10*p - p = 288. What is the remainder when p is divided by x?
10
Let o = -1843 - -1847. What is the remainder when 9 is divided by o?
1
Let l be 72/3*3/6. Suppose l = -3*i, 199 = 2*s + s + 2*i. Calculate the remainder when s is divided by 18.
15
Suppose -3*l - 46 + 121 = 0. Suppose c = -c + 5*z + 26, -12 = 3*z. Calculate the remainder when 7 + (-5)/(l/(-10)) is divided by c.
0
Let n(m) = -m**3 - 6*m**2 - 4*m + 22. What is the remainder when n(-8) is divided by 11?
6
Suppose -5*c = -4*x + 102, c - 5*c + 92 = 3*x. Calculate the remainder when 12 + (-1 + 0)/1 is divided by x/(-12)*(-4 + 1).
4
Let j be 12/(-4) + (-15)/3. Let p be j/(-12)*(6 + 0). Let q = p - 1. What is the remainder when 11 is divided by q?
2
Let s(y) = 3*y**2 - 56*y - 5. Calculate the remainder when s(20) is divided by 16.
11
Suppose q = 4*q - 150. Let u = 12 + 23. Suppose u*t + 91 = 42*t. Calculate the remainder when q is divided by t.
11
Let p = -18 - -21. Let v(l) = 21*l**2 + 11*l - 16. Let a(n) = -4*n**2 - 2*n + 3. Let s(w) = -11*a(w) - 2*v(w). What is the remainder when p is divided by s(1)?
0
Let i be (-3)/(-6)*98*6. Suppose 0 = -3*r + i + 1743. Calculate the remainder when (r/28)/(1/4) is divided by 33.
31
Suppose 4*u - 2 = -2*c - 0, 1 = -c - 4*u. Suppose 0 = j + c*t - 33, t - 2*t = 4*j - 77. Calculate the remainder when 51 is divided by j.
15
Suppose -15 = 3*t + 2*t, 0 = 5*c - t - 18. What is the remainder when 20 is divided by c?
2
Let v = -39 - -56. What is the remainder when 80 is divided by v?
12
Suppose 267 = 15*v - 573. Let h be 2*-2*1/(-2). Suppose -4*b + v = 2*n, 58 = 2*b + h*b + 3*n. Calculate the remainder when 77 is divided by b.
12
Let v(x) = 9*x**2 + 15*x + 1. What is the remainder when v(-3) is divided by 19?
18
What is the remainder when (0 - 7)*-3*6 is divided by 24?
6
Suppose 2*l = -l + 6. Let a be 8/44 - l/11. Suppose a = -3*o + 4*q + 25 - 0, -5*o = -5*q - 45. What is the remainder when 20 is divided by o?
9
Let y(k) = 37*k - 2*k**2 + 4*k**2 - 43*k - 7. What is the remainder when y(7) is divided by 26?
23
Let b = 11 + 2. Let m be 1*3 - (-4 - 0). Suppose 0 = -z - 4*a - m, 2*z + 4*a + 0*a = -2. Calculate the remainder when b is divided by z.
3
Suppose 0*g = -g + 3. Suppose 0 = 2*n, 3*n + 88 = -h + g*h. Let k(t) = t**3 - 15*t**2 + 2*t - 15. What is the remainder when h is divided by k(15)?
14
Suppose 279 = -r + 4*r. Suppose 9*c = 321 + r. What is the remainder when c is divided by 16?
14
Let j(m) = -m**2 - 30*m - 63. Calculate the remainder when j(-22) is divided by 29.
26
Suppose 0 = 6*i - i - x - 9, -5*x = -5. Suppose s + i = 0, -3*s - 76 = 17*f - 18*f. What is the remainder when f is divided by 19?
13
Let o(l) = -l**2 - 7*l - 6. Let c be o(-3). Suppose c + 14 = 2*g. Calculate the remainder when 48 is divided by g.
8
Suppose 2*z + 49 = 91. Calculate the remainder when 102 is divided by z.
18
Suppose o - 36 = 4*r, 2*o - 4*r - 144 = -2*o. Suppose -78 - 670 = -11*y. What is the remainder when y is divided by o?
32
Let b(u) = 18*u + 10. What is the remainder when b(1) is divided by 23?
5
Suppose -3*i - 5*f = -3*f - 67, -3*f - 36 = -2*i. Calculate the remainder when i is divided by 1/(1 - (-6)/(-8)).
1
Let s(x) = -x**3 + 5*x**2 - x + 3. Let v be s(5). Let h(t) = -t**3 - 7*t**2 + 15*t + 25. Calculate the remainder when h(-9) is divided by v*(162/(-4))/3.
25
Suppose -5*d + 0*d - 200 = 0. Let h = d + 44. Let n = 18 - 11. What is the remainder when n is divided by h?
3
Suppose 2*l + 11 - 2 = i, 0 = -i - 5*l + 9. Suppose -19 = -4*v + i. Suppose -5*y + 96 = -4. Calculate the remainder when y is divided by v.
6
Suppose 0 = -36*y + 7*y + 493. Calculate the remainder when 33 is divided by y.
16
Suppose q - 2*g = -11, -3*q + q + 5*g - 25 = 0. Let r = q - -9. What is the remainder when 26 is divided by r?
2
What is the remainder when 346 is divided by -2 - (-8 - (25 - -8))?
34
Suppose 68*r - 65*r = 1143. What is the remainder when r is divided by 56?
45
Let n(m) = m**2 - 6*m + 2. Let b be n(4). Suppose 0*p - 5*p = -150. Let v = p + b. What is the remainder when v is divided by 14?
10
What is the remainder when ((-44)/5)/((-4)/130) is divided by 24?
22
Suppose -10*f - 3 = -13*f, -2*o + 5*f = -57. What is the remainder when 58 is divided by o?
27
Let l be 4/18 - 56/9. Calculate the remainder when -14*(6/(-8))/(189/72) is divided by (9/l)/(6/(-8)).
0
Let z(u) = u + 11. Let g be z(-6). Suppose m + c - 46 = 0, -g*m + 3*c + 8 + 190 = 0. Suppose -x = -3*x + m. What is the remainder when x is divided by 12?
9
Suppose -l - 2*k - 15 = -2*l, 0 = l - 5*k - 18. What is the remainder when 26 is divided by l?
0
Suppose 2*j - 3*q = 5*j - 18, 4*q - 27 = -5*j. Calculate the remainder when (318/12